o base 8.
-2
What is -a (base 16) in base 13?
-a
What is -10 (base 7) in base 2?
-111
What is -207 (base 8) in base 9?
-160
What is 187 (base 14) in base 4?
10323
What is 2 (base 8) in base 9?
2
What is 3 (base 15) in base 4?
3
-5 (base 8) to base 6
-5
What is -1 (base 12) in base 10?
-1
Convert 1222 (base 3) to base 10.
53
Convert 31 (base 5) to base 11.
15
Convert 10 (base 4) to base 7.
4
-10 (base 3) to base 9
-3
0 (base 4) to base 16
0
6 (base 7) to base 16
6
b (base 13) to base 15
b
What is 3a (base 15) in base 9?
61
What is 7a (base 13) in base 14?
73
What is 3 (base 16) in base 11?
3
Convert -1101 (base 2) to base 4.
-31
What is -2 (base 3) in base 9?
-2
Convert 1000 (base 3) to base 13.
21
What is 2 (base 13) in base 6?
2
-38 (base 12) to base 8
-54
Convert -1 (base 12) to base 5.
-1
4 (base 16) to base 6
4
30 (base 4) to base 11
11
What is -10 (base 5) in base 3?
-12
-10 (base 4) to base 14
-4
What is -2 (base 10) in base 3?
-2
-100101101 (base 2) to base 13
-1a2
Convert 1001 (base 5) to base 13.
99
Convert 1014 (base 5) to base 15.
8e
Convert -5 (base 10) to base 6.
-5
152 (base 8) to base 11
97
Convert -2 (base 15) to base 10.
-2
Convert 10110111 (base 2) to base 11.
157
Convert b6 (base 12) to base 9.
163
Convert -1 (base 4) to base 7.
-1
Convert -3 (base 14) to base 9.
-3
What is 7 (base 10) in base 4?
13
What is -1100 (base 2) in base 15?
-c
What is -2102 (base 3) in base 2?
-1000001
Convert 2 (base 4) to base 8.
2
Convert -4 (base 16) to base 6.
-4
What is -17 (base 8) in base 2?
-1111
111 (base 2) to base 5
12
-2 (base 11) to base 15
-2
-107 (base 11) to base 9
-152
Convert -44 (base 13) to base 14.
-40
Convert -5 (base 14) to base 12.
-5
What is 522 (base 8) in base 12?
242
19 (base 11) to base 3
202
-11 (base 4) to base 11
-5
-11 (base 12) to base 11
-12
-2 (base 11) to base 15
-2
-42 (base 6) to base 14
-1c
What is 3 (base 6) in base 14?
3
Convert -322 (base 10) to base 4.
-11002
-10001111 (base 2) to base 8
-217
Convert -413 (base 5) to base 3.
-11000
-3 (base 9) to base 3
-10
5 (base 6) to base 5
10
-19 (base 12) to base 15
-16
What is 18 (base 13) in base 14?
17
What is 3 (base 9) in base 16?
3
Convert -8 (base 13) to base 6.
-12
-11 (base 4) to base 11
-5
What is -4 (base 11) in base 15?
-4
-50 (base 6) to base 12
-26
-10 (base 2) to base 5
-2
-8 (base 12) to base 14
-8
10100 (base 3) to base 12
76
-16 (base 11) to base 12
-15
What is -11101 (base 3) in base 2?
-1110110
4 (base 13) to base 14
4
-2 (base 4) to base 10
-2
What is -60 (base 14) in base 15?
-59
-54 (base 12) to base 2
-1000000
What is b (base 15) in base 5?
21
-4 (base 16) to base 10
-4
Convert 110 (base 10) to base 3.
11002
-174 (base 9) to base 6
-404
-f (base 16) to base 12
-13
-331 (base 4) to base 15
-41
Convert 155 (base 8) to base 2.
1101101
-c (base 13) to base 10
-12
-1 (base 3) to base 11
-1
310 (base 7) to base 3
12201
Convert 301 (base 4) to base 14.
37
-12 (base 4) to base 2
-110
Convert -2 (base 3) to base 16.
-2
What is 162 (base 14) in base 7?
552
Convert -11 (base 16) to base 6.
-25
4 (base 11) to base 3
11
Convert 3 (base 5) to base 7.
3
Convert -d (base 16) to base 11.
-12
What is 13 (base 11) in base 3?
112
cc (base 13) to base 16
a8
Convert -27 (base 9) to base 12.
-21
Convert -3 (base 16) to base 6.
-3
Convert -10100110 (base 2) to base 9.
-204
Convert -1 (base 8) to base 12.
-1
107 (base 16) to base 14
14b
-e (base 15) to base 12
-12
4 (base 7) to base 16
4
Convert 3 (base 9) to base 10.
3
Convert -6c (base 13) to base 15.
-60
Convert -17 (base 15) to base 13.
-19
What is a (base 16) in base 10?
10
-200 (base 4) to base 16
-20
Convert 3 (base 6) to base 16.
3
10 (base 9) to base 6
13
Convert 52 (base 6) to base 15.
22
What is 128 (base 11) in base 7?
304
-15 (base 6) to base 9
-12
1 (base 15) to base 4
1
34 (base 8) to base 16
1c
Convert 4 (base 6) to base 14.
4
Convert -1a (base 12) to base 7.
-31
1 (base 5) to base 8
1
Convert -161 (base 7) to base 16.
-5c
What is -60 (base 13) in base 10?
-78
5 (base 14) to base 10
5
What is 0 (base 6) in base 2?
0
Convert 1 (base 7) to base 8.
1
-25 (base 13) to base 14
-23
What is -42 (base 12) in base 3?
-1212
-1 (base 4) to base 12
-1
-1120 (base 3) to base 13
-33
Convert 51 (base 11) to base 2.
111000
Convert 6 (base 8) to base 3.
20
210 (base 4) to base 2
100100
Convert -1 (base 15) to base 6.
-1
What is -10001100 (base 2) in base 10?
-140
Convert 41 (base 8) to base 5.
113
-e (base 16) to base 5
-24
What is -17 (base 11) in base 5?
-33
Convert -101 (base 7) to base 12.
-42
-13 (base 15) to base 9
-20
Convert -22 (base 3) to base 10.
-8
47 (base 12) to base 8
67
10 (base 3) to base 16
3
What is 126 (base 11) in base 3?
12112
What is -4 (base 10) in base 15?
-4
Convert 1 (base 14) to base 3.
1
Convert 27 (base 11) to base 15.
1e
Convert -e (base 15) to base 12.
-12
-100000000 (base 2) to base 6
-1104
Convert 5 (base 15) to base 8.
5
1a6 (base 12) to base 6
1130
Convert 1101111 (base 2) to base 7.
216
What is 15 (base 11) in base 15?
11
Convert -2 (base 10) to base 7.
-2
-2 (base 11) to base 6
-2
What is -1c (base 14) in base 10?
-26
-7 (base 9) to base 3
-21
What is 1 (base 9) in base 11?
1
Convert -1223 (base 4) to base 10.
-107
What is 110101 (base 2) in base 10?
53
-6 (base 10) to base 6
-10
Convert 6 (base 16) to base 6.
10
323 (base 4) to base 15
3e
What is -5 (base 12) in base 3?
-12
What is 1 (base 2) in base 16?
1
Convert -21201 (base 3) to base 2.
-11010000
7 (base 13) to base 9
7
Convert 120112 (base 3) to base 8.
643
-2 (base 3) to base 6
-2
What is 10 (base 5) in base 11?
5
1 (base 4) to base 16
1
Convert 9 (base 13) to base 8.
11
What is 13 (base 13) in base 5?
31
What is 3 (base 10) in base 4?
3
Convert -18 (base 16) to base 9.
-26
50 (base 14) to base 9
77
Convert -211 (base 3) to base 4.
-112
What is -100001 (base 2) in base 12?
-29
452 (base 6) to base 5
1201
What is -e (base 15) in base 6?
-22
Convert 4 (base 16) to base 3.
11
0 (base 9) to base 15
0
Convert 4 (base 8) to base 12.
4
Convert 8 (base 9) to base 2.
1000
Convert 11 (base 3) to base 16.
4
Convert 10 (base 3) to base 14.
3
-20 (base 7) to base 16
-e
What is -101 (base 2) in base 10?
-5
32 (base 8) to base 6
42
Convert 1022 (base 3) to base 7.
50
Convert -1100110 (base 2) to base 16.
-66
Convert -40 (base 15) to base 13.
-48
Convert 2c (base 15) to base 10.
42
What is -21 (base 3) in base 5?
-12
What is -1101011 (base 2) in base 14?
-79
Convert 30 (base 13) to base 7.
54
322 (base 4) to base 2
111010
What is -11 (base 3) in base 7?
-4
-61 (base 7) to base 8
-53
26 (base 13) to base 10
32
What is 15 (base 15) in base 10?
20
Convert -2 (base 8) to base 2.
-10
1111 (base 2) to base 6
23
Convert -3 (base 6) to base 12.
-3
94 (base 11) to base 4
1213
130 (base 11) to base 3
12201
Convert 522 (base 6) to base 10.
194
-32 (base 6) to base 16
-14
What is 27 (base 12) in base 11?
29
-24 (base 15) to base 8
-42
Convert -21 (base 6) to base 5.
-23
Convert -223 (base 6) to base 4.
-1113
Convert 8 (base 14) to base 12.
8
Convert a (base 15) to base 5.
20
Convert -402 (base 5) to base 10.
-102
4 (base 13) to base 10
4
3 (base 6) to base 2
11
Convert -213 (base 4) to base 2.
-100111
4 (base 11) to base 14
4
Convert 400 (base 6) to base 2.
10010000
Convert 4 (base 14) to base 15.
4
Convert -131 (base 4) to base 7.
-41
Convert 8 (base 9) to base 2.
1000
-b (base 14) to base 7
-14
1 (base 6) to base 13
1
What is -1111000 (base 2) in base 9?
-143
What is 1 (base 13) in base 6?
1
49 (base 13) to base 10
61
-242 (base 6) to base 7
-200
-10000 (base 2) to base 15
-11
What is -a6 (base 16) in base 4?
-2212
11101 (base 2) to base 7
41
14 (base 11) to base 5
30
Convert 84 (base 12) to base 15.
6a
What is 1 (base 13) in base 9?
1
Convert -7 (base 14) to base 9.
-7
What is 46 (base 15) in base 4?
1002
What is 212 (base 9) in base 13?
104
Convert 6 (base 9) to base 15.
6
1111010 (base 2) to base 5
442
What is -9 (base 13) in base 4?
-21
Convert -23 (base 9) to base 12.
-19
Convert -3 (base 8) to base 15.
-3
What is 3 (base 4) in base 10?
3
-5 (base 8) to base 3
-12
What is -26 (base 10) in base 7?
-35
Convert 13 (base 7) to base 13.
a
1 (base 13) to base 10
1
310 (base 6) to base 8
162
What is -b (base 13) in base 14?
-b
What is 0 (base 12